{"id":2,"date":"2017-07-13T22:46:58","date_gmt":"2017-07-13T22:46:58","guid":{"rendered":"http:\/\/estudiosfeministas.xoc.uam.mx\/?page_id=2"},"modified":"2026-02-12T19:32:12","modified_gmt":"2026-02-12T19:32:12","slug":"pagina-ejemplo","status":"publish","type":"page","link":"https:\/\/estudiosmujer.xoc.uam.mx\/","title":{"rendered":"Maestr\u00eda en Estudios de la Mujer"},"content":{"rendered":"\n<h1 class=\"wp-block-heading\"><div id=\"metaslider-id-532\" style=\"width: 100%;\" class=\"ml-slider-3-105-0 metaslider metaslider-flex metaslider-532 ml-slider has-dots-nav ms-theme-default\" role=\"region\" aria-label=\"Inicio MEM\" data-height=\"345\" data-width=\"776\">\n    <div id=\"metaslider_container_532\">\n        <div id=\"metaslider_532\">\n            <ul class='slides'>\n                <li style=\"display: block; width: 100%;\" class=\"slide-1246 ms-image \" aria-roledescription=\"slide\" data-date=\"2026-01-05 20:06:57\" data-filename=\"banner-convocatoria-1-scaled-776x345.png\" data-slide-type=\"image\"><a href=\"https:\/\/estudiosmujer.xoc.uam.mx\/?page_id=1033\" target=\"_self\" aria-label=\"Ver detalles de la diapositiva\" class=\"metaslider_image_link\"><img loading=\"lazy\" decoding=\"async\" src=\"https:\/\/estudiosmujer.xoc.uam.mx\/wp-content\/uploads\/2026\/04\/banner-convocatoria-1-scaled-776x345.png\" height=\"345\" width=\"776\" alt=\"\" class=\"slider-532 slide-1246 msDefaultImage\" title=\"banner convocatoria (1)\" \/><\/a><div class=\"caption-wrap\"><div class=\"caption\"><div><span style=\"font-size:13px;\">Clic para revisar la lista.<\/span><\/div><\/div><\/div><\/li>\n                <li style=\"display: none; width: 100%;\" class=\"slide-952 ms-image \" aria-roledescription=\"slide\" data-date=\"2025-11-05 21:42:05\" data-filename=\"Brujas2024-776x345.jpeg\" data-slide-type=\"image\"><img loading=\"lazy\" decoding=\"async\" src=\"https:\/\/estudiosmujer.xoc.uam.mx\/wp-content\/uploads\/2025\/11\/Brujas2024-776x345.jpeg\" height=\"345\" width=\"776\" alt=\"\" class=\"slider-532 slide-952 msDefaultImage\" title=\"Brujas2024\" \/><\/li>\n                <li style=\"display: none; width: 100%;\" class=\"slide-962 ms-image \" aria-roledescription=\"slide\" data-date=\"2025-11-05 21:46:20\" data-filename=\"MEM-3-e1699991677368-776x345.jpg\" data-slide-type=\"image\"><img loading=\"lazy\" decoding=\"async\" src=\"https:\/\/estudiosmujer.xoc.uam.mx\/wp-content\/uploads\/2025\/11\/MEM-3-e1699991677368-776x345.jpg\" height=\"345\" width=\"776\" alt=\"\" class=\"slider-532 slide-962 msDefaultImage\" title=\"MEM-3-e1699991677368\" \/><\/li>\n                <li style=\"display: none; width: 100%;\" class=\"slide-792 ms-image \" aria-roledescription=\"slide\" data-date=\"2021-12-06 19:57:09\" data-filename=\"152235012_1059088431269636_5395666996544820412_n-776x345.jpeg\" data-slide-type=\"image\"><img loading=\"lazy\" decoding=\"async\" src=\"https:\/\/estudiosmujer.xoc.uam.mx\/wp-content\/uploads\/2021\/12\/152235012_1059088431269636_5395666996544820412_n-776x345.jpeg\" height=\"345\" width=\"776\" alt=\"\" class=\"slider-532 slide-792 msDefaultImage\" title=\"152235012_1059088431269636_5395666996544820412_n\" \/><\/li>\n                <li style=\"display: none; width: 100%;\" class=\"slide-956 ms-image \" aria-roledescription=\"slide\" data-date=\"2025-11-05 21:42:06\" data-filename=\"Conversatorio_2-776x345.jpeg\" data-slide-type=\"image\"><img loading=\"lazy\" decoding=\"async\" src=\"https:\/\/estudiosmujer.xoc.uam.mx\/wp-content\/uploads\/2025\/11\/Conversatorio_2-776x345.jpeg\" height=\"345\" width=\"776\" alt=\"\" class=\"slider-532 slide-956 msDefaultImage\" title=\"Conversatorio_2\" \/><\/li>\n                <li style=\"display: none; width: 100%;\" class=\"slide-961 ms-image \" aria-roledescription=\"slide\" data-date=\"2025-11-05 21:46:20\" data-filename=\"MEM-2-776x345.jpg\" data-slide-type=\"image\"><img loading=\"lazy\" decoding=\"async\" src=\"https:\/\/estudiosmujer.xoc.uam.mx\/wp-content\/uploads\/2025\/11\/MEM-2-776x345.jpg\" height=\"345\" width=\"776\" alt=\"\" class=\"slider-532 slide-961 msDefaultImage\" title=\"MEM-2\" \/><\/li>\n                <li style=\"display: none; width: 100%;\" class=\"slide-1475 ms-image \" aria-roledescription=\"slide\" data-date=\"2026-02-12 19:31:04\" data-filename=\"480458745_1103853421541291_1076296207989138737_n-776x345.jpg\" data-slide-type=\"image\"><img loading=\"lazy\" decoding=\"async\" src=\"https:\/\/estudiosmujer.xoc.uam.mx\/wp-content\/uploads\/2026\/02\/480458745_1103853421541291_1076296207989138737_n-776x345.jpg\" height=\"345\" width=\"776\" alt=\"\" class=\"slider-532 slide-1475 msDefaultImage\" title=\"480458745_1103853421541291_1076296207989138737_n\" \/><\/li>\n            <\/ul>\n        <\/div>\n        \n    <\/div>\n<\/div><\/h1>\n\n\n\n<h2 class=\"wp-block-heading\"><span style=\"color: #000000;\"><strong>\u00a1Te damos la bienvenida!<\/strong><\/span><\/h2>\n\n\n\n<p>La Maestr\u00eda en Estudios de la Mujer forma parte de los posgrados de la\u00a0<a href=\"http:\/\/dcsh.xoc.uam.mx\/index.php\" target=\"_blank\" rel=\"noopener\">Divisi\u00f3n de Ciencias Sociales y Humanidades<\/a>\u00a0de la\u00a0<a href=\"https:\/\/www.xoc.uam.mx\/\" target=\"_blank\" rel=\"noopener\">Universidad Aut\u00f3noma Metropolitana, Unidad Xochimilco.<\/a>\u00a0Abri\u00f3 su primera convocatoria en 1998, lo que la convierte en\u00a0<strong>la primera maestr\u00eda\u00a0de estudios de las mujeres, feministas y de g\u00e9nero en M\u00e9xico<\/strong>\u00a0y uno de los primeros posgrados de su tipo en Am\u00e9rica Latina y el Caribe. <\/p>\n\n\n\n<p>El programa que ofrece este posgrado es uno de los m\u00e1s completos y est\u00e1 respaldado por una trayectoria de m\u00e1s de treinta a\u00f1os de experiencia docente y de investigaci\u00f3n que data de 1984 cuando fue aprobada el\u00a0<a href=\"http:\/\/dcsh.xoc.uam.mx\/index.php\/areas-de-investigacion-del-departamento\/mujer-identidad-y-poder\" target=\"_blank\" rel=\"noopener\">\u00c1rea de Investigaci\u00f3n Mujer, identidad y poder<\/a>\u00a0en el\u00a0<a href=\"http:\/\/dcsh.xoc.uam.mx\/index.php\/departamentostop\/deptopolcul\" target=\"_blank\" rel=\"noopener\">Departamento de Pol\u00edtica y Cultura<\/a>, de donde surgi\u00f3 la iniciativa de su creaci\u00f3n.<\/p>\n\n\n\n<p>La Maestr\u00eda pertenece al\u00a0<a href=\"https:\/\/secihti.mx\/sistema-nacional-de-posgrados\/\" target=\"_blank\" rel=\"noreferrer noopener\">Sistema Nacional de Posgrados<\/a>\u00a0(SNP) de la\u00a0<a href=\"https:\/\/secihti.mx\/secihti\/\" target=\"_blank\" rel=\"noreferrer noopener\">Secretar\u00eda de Ciencia, Humanidades, Tecnolog\u00eda e Innovaci\u00f3n<\/a>\u00a0(Secihti), con orientaci\u00f3n hacia la investigaci\u00f3n; anteriormente, el SNP era conocido como el Padr\u00f3n Nacional de Posgrados de Calidad (PNPC), del cual nuestra maestr\u00eda form\u00f3 parte como posgrado consolidado y de excelencia acad\u00e9mica desde 1999 y hasta su transici\u00f3n al SNP en 2024.<\/p>\n","protected":false},"excerpt":{"rendered":"<p>\u00a1Te damos la bienvenida! La Maestr\u00eda en Estudios de la Mujer forma parte de los posgrados de la\u00a0Divisi\u00f3n de Ciencias Sociales y Humanidades\u00a0de la\u00a0Universidad Aut\u00f3noma Metropolitana, Unidad Xochimilco.\u00a0Abri\u00f3 su primera convocatoria en 1998, lo que la convierte en\u00a0la primera maestr\u00eda\u00a0de estudios de las mujeres, feministas y de g\u00e9nero en M\u00e9xico\u00a0y uno de los primeros posgrados [&hellip;]<\/p>\n","protected":false},"author":1,"featured_media":0,"parent":0,"menu_order":0,"comment_status":"closed","ping_status":"closed","template":"template-fullwidth.php","meta":{"footnotes":""},"class_list":["post-2","page","type-page","status-publish","hentry"],"_links":{"self":[{"href":"https:\/\/estudiosmujer.xoc.uam.mx\/index.php?rest_route=\/wp\/v2\/pages\/2","targetHints":{"allow":["GET"]}}],"collection":[{"href":"https:\/\/estudiosmujer.xoc.uam.mx\/index.php?rest_route=\/wp\/v2\/pages"}],"about":[{"href":"https:\/\/estudiosmujer.xoc.uam.mx\/index.php?rest_route=\/wp\/v2\/types\/page"}],"author":[{"embeddable":true,"href":"https:\/\/estudiosmujer.xoc.uam.mx\/index.php?rest_route=\/wp\/v2\/users\/1"}],"replies":[{"embeddable":true,"href":"https:\/\/estudiosmujer.xoc.uam.mx\/index.php?rest_route=%2Fwp%2Fv2%2Fcomments&post=2"}],"version-history":[{"count":36,"href":"https:\/\/estudiosmujer.xoc.uam.mx\/index.php?rest_route=\/wp\/v2\/pages\/2\/revisions"}],"predecessor-version":[{"id":1476,"href":"https:\/\/estudiosmujer.xoc.uam.mx\/index.php?rest_route=\/wp\/v2\/pages\/2\/revisions\/1476"}],"wp:attachment":[{"href":"https:\/\/estudiosmujer.xoc.uam.mx\/index.php?rest_route=%2Fwp%2Fv2%2Fmedia&parent=2"}],"curies":[{"name":"wp","href":"https:\/\/api.w.org\/{rel}","templated":true}]}}